- (1 + (4 - (-6 + 5)))?
-7
What is 15 + (1 - 1 - -17) - 6?
26
What is the value of 21 - 4 - (-17 + 14 - -8)?
12
Calculate 18 + -2 + 16 + -30 + 25.
27
What is the value of (9 - 16) + 22 + (-1 - (2 - -1))?
11
What is the value of -63 - -46 - (12 - 43)?
14
Evaluate -14 + 3 + (0 - (-14 + -3)).
6
What is the value of -2 + 1 + (44 - 45) + (-2 - 1)?
-5
9 - (-5 + (-16 - -4) + 3)
23
Evaluate (26 - 52) + (1 - (-5 - -6 - 1)).
-25
What is (0 - 5 - -4) + 2?
1
-54 + 55 - (2 - (5 + 6))
10
19 + -11 - (13 - 4)
-1
What is the value of -15 + 102 - 40 - 10?
37
What is (31 - 24) + -1 + 0 + 9 - -1?
16
-9 + 4 + 13 + -13 + -14
-19
Calculate -10 - -10 - (9 + (-3 - -2)).
-8
Evaluate -10 + (3 - (0 + (7 - 8))).
-6
What is the value of -26 + 39 - (-15 - -21)?
7
What is -4 + 30 + -11 - 29?
-14
What is (-21 - (-24 + -14)) + 1?
18
Calculate 8 - (11 - (12 - 14)).
-5
What is (-12 - (-15 + 15 + -32)) + 8?
28
Calculate 6 + (-4 + 6 + -3 - 3) - 4.
-2
(-4 - -2) + (4 - 4 - -3)
1
What is the value of (-6 - -4 - -7 - 10) + 8?
3
What is the value of (-2 - (1 - 4)) + (-1 - -1) - -12?
13
(9 - (3 + 4 + -2) - 1) + -14
-11
What is -32 + (-7 - (-9 + 10)) + -1?
-41
What is -7 - -1 - (1 + 1) - (-186 - -188)?
-10
What is -8 + (20 - 42) - -48?
18
Evaluate -3 - (3 - -5) - -5 - (-4 + 35).
-37
What is 11 - (16 + (1 - 8))?
2
What is the value of 1 + -24 + (3 - -12)?
-8
Evaluate (102 - 92) + -1 + (-2 - -1 - 1).
7
What is -10 - (0 + -2) - (3 + 2)?
-13
What is (10 - 12) + -4 - -14 - 20?
-12
What is the value of 0 + (-1 - 2) + (-8 - 1 - -12)?
0
Calculate (-16 - -3) + (-23 - (-24 + -3)).
-9
What is the value of -10 - 0 - (15 - 39)?
14
Evaluate 10 - (-1 - -4) - (15 - (7 + -2)).
-3
Calculate -5 + 15 - (22 - 22).
10
Evaluate 0 - -16 - (43 - (20 + 6)).
-1
What is 10 - ((-34 - 0) + 25 + -3 + -20)?
42
What is the value of 15 + (18 - (6 + 1)) - (0 + -2)?
28
What is the value of -4 + -2 + -5 + (20 + -11 - 3)?
-5
What is -2 - (-14 - -3 - 9 - 2 - -8)?
12
Evaluate -10 - (2 + -7 + -2 + 5).
-8
Evaluate -7 + 6 + -15 + 6 + 1 + 5.
-4
15 - (-10 + (-11 - -19) + 2)
15
Calculate -21 + (-6 - 6 - (-16 + -9)).
-8
Evaluate 34 + -46 + (5 + -2 - (2 - 6)).
-5
Calculate -3 - -3 - -19 - (-6 + -1 + 5).
21
What is the value of 0 + 1 + 8 + 0 + -9 + -2?
-2
Evaluate -15 + (26 - (0 + -7)).
18
Calculate 3 + (3 - 1) + 1 + (-23 - -18).
1
-50 + 0 + 35 - (0 - 36)
21
What is (45 - (-8 + 14)) + -22?
17
Calculate -2 + (-5 - 0) + 19.
12
What is the value of 8 + -2 + -2 + -12 + -5?
-13
Calculate -1 - (-1 - -3) - -12 - (36 - 36).
9
What is the value of 8 + -17 - -2 - -21?
14
Evaluate -18 + (-63 + 59 - (0 - 12)).
-10
Evaluate 46 - ((3 + -3 - -4) + (109 - 102)).
35
Evaluate (2 - (-10 - (2 - 9))) + -7.
-2
What is 47 + (-7 - (18 - -44))?
-22
Calculate -14 - -10 - (0 + (4 - 6)).
-2
Evaluate -6 - -10 - 4 - 5.
-5
Evaluate 59 - (-10 + -17 + 58).
28
7 + -13 + -1 + 2 - (-13 - -17)
-9
Calculate (5 - 10) + (4 - -3).
2
What is the value of 1 - (-1 - 10) - (-803 - -829)?
-14
What is -22 + 20 + 3 + 6 + 1?
8
Evaluate -1 + 16 + -3 + 1.
13
What is 17 + -6 + 0 + -3?
8
What is the value of (-17 - -30) + -25 - (-21 + -1)?
10
Calculate -2 + (1 - (-2 - -5)) + -9.
-13
(4 - 23 - -1) + 41 + -37
-14
Evaluate 22 + -20 - ((-1 - 0) + 0 + 12).
-9
What is 19 - (-10 - (-22 + 9))?
16
2 + -3 + 2 + (5 - -20 - 2)
24
Calculate 0 - ((-8 - -21) + -10 + 1 + 2).
-6
What is 7 - (2 + 7 - 1)?
-1
What is -17 + 24 + -20 + -1?
-14
What is the value of (-7 - -14) + -1 + 6 + (-1 - 8)?
3
What is 6 - (-12 + -1 + (-3 - (-3 - 7)))?
12
What is 21 - (-11 + 28 + 2)?
2
What is the value of (2 + 18 - 8) + (-14 - -5) + 18?
21
Evaluate 15 + (-2 - 9) + -14 + -5.
-15
What is the value of 7 + (4 - (5 + 3)) - (-1 - 1)?
5
What is the value of 186 + -177 + (20 + -19 - (5 - 0))?
5
Calculate -6 + (-7 + 10 - -4) + -22 + 4.
-17
What is (-33 - (-25 - -23)) + 3?
-28
What is -35 + 58 - (6 + (1 - -4))?
12
-40 - (-23 + 20 + -15 + 14)
-36
Calculate -2 + (8 - (16 - 10)) + 8.
8
Calculate -4 + 1 + 5 + 6 + -19.
-11
What is the value of -17 - (-97 + 102 - (-1 - -40))?
17
What is 2 + 3 - (6 + 10 + -16) - 16?
-11
What is (-11 - (-61 + 27)) + 3?
26
What is the value of 19 - (-11 + 28 + -13 + 4 + 0)?
11
What is -21 - -12 - (6 - (41 - 6 - 0))?
20
Evaluate 1 + -3 + -19 - (24 - 17).
-28
What is 6 + 0 + 11 + -15?
2
Calculate 3 + (-3 - -5) + -9 - (6 - 24).
14
13 - (8 - 8) - 17
-4
What is -61 + (-15 - -41) - -12?
-23
Calculate -33 + 24 - (-10 + (2 - -4)).
-5
What is -12 - (6 - (-11 + 15 + -6))?
-20
Evaluate (-2 - -13) + 12 - 14.
9
What is 8 + -2 - (3 - -2)?
1
(-15 - (3 + -16)) + 2 + -9
-9
Calculate 2 + ((-4 - -4) + 8 - 6).
4
Calculate -1 + 24 + -2 - (-72 + (39 - -28)).
26
Calculate 4 + 0 - -3 - (-14 + 10).
11
Calculate 86 + -88 + 10 + 0 - (-3 + -3).
14
What is (1 + 0 - -2 - 10) + -75 + 84?
2
What is -2 - -4 - (2 - 10)?
10
Calculate -4 - (7 - 5) - -2.
-4
Evaluate -2 + (-24 - (-40 - -1)).
13
What is the value of -7 + (-7 - (-2 + -9) - -6)?
3
21 + (2 - -1) + (22 - 27) + -7
12
Calculate (-4 - -24 - 48) + 9.
-19
What is the value of 8 + (-13 - (-34 + 19))?
10
What is 10 + (13 - 14) + -7?
2
What is the value of -16 + (-8 + (0 - -4 - -10) - 3)?
-13
-3 - (3 + -31 + -3)
28
Calculate -12 - (-26 - (12 + -12 + 10)).
24
91 + -98 + 1 + 6
0
Calculate 15 - (3 - 4 - -5).
11
Evaluate -7 + (5 - -2) + (1 - 2) + 15.
14
What is -14 + -12 + -1 + (0 - -8)?
-19
What is -6 + (-3 - 20 - (6 - 16))?
-19
What is the value of -7 - (2 + (-3 + 10 - 2))?
-14
Evaluate 1 + (-8 + -8 - (-21 - -9)).
-3
106 - 99 - (-2 + (6 - 2))
5
4 - (-6 + -3 - -11) - 13
-11
What is the value of -1 + -6 - -3 - (59 + -70)?
7
What is 245 + -281 - (-21 + 0)?
-15
What is the value of -10 - (22 - 9) - -12?
-11
What is the value of (2 + -1 - (-215 + 227)) + 14?
3
Evaluate -5 - 1 - 2 - (-2 - (0 + 1)).
-5
Evaluate 41 + (-3 - 15 - 13).
10
Calculate (-2 - (36 - -2) - -1) + -2779 + 2784.
-34
What is -3 + (23 - 5 - 7) + -19?
-11
28 - 4 - (8 + (-4 - 11) + 0)
31
Calculate -24 + 16 + 3 - 12.
-17
What is (35 - 14) + 5 + -14?
12
Evaluate -10 + 9 + -12 + -12 + -8.
-33
What is the value of 13 - (0 + 17) - 11?
-15
What is the value of 1 - 20 - (-13 + 0)?
-6
-6 + 5 + 6 + 1 + -2 - -1
5
What is the value of -1 + 0 + (-3 - (-20 - -15)) + -2?
-1
14 - (-12 - (-2 - (-4 + -3)))
31
12 + (31 - 16 - 14 - -8)
21
What is (-1 + 5 - -2) + -5 + -12?
-11
Calculate (-2 + 1 - 31) + (-1444 - -1452).
-24
Calculate -1 - (12 - (2 - -12)) - 7.
-6
20 + -24 - -30 - 19
7
What is 0 + (1 + 5 - 5) + -4 + 3?
0
Calculate -6 - 18 - (15 + -18 + -7).
-14
What is -2 + 3 + 8 + -1 - (-2 - -8)?
2
What is the value of -1 - 13 - (6 - -7 - 15)?
-12
Evaluate (24 + 0 - (-6 + 6 + 8)) + -4.
12
What is 10 - (8 + 14 + -24)?
12
Calculate -50 + (-20 - -75) - (-11 + 0).
16
(4 - 0) + (-24 - (19 + -56))
17
Calculate 4 + -7 + -15 + 8 + 5.
-5
Calculate 1 + (18 - 6) + (-3 - 25).
-15
What is the value of (-28 - -14) + -7 + 24 + 8?
11
Calculate (12 - 30 - -23) + -12.
-7
What is (15 - (6 + (29 - 18))) + 36?
34
-2 + 5 + (3 + 2 - 2)
6
Evaluate -24 + 2 + 1 + (-1 - 0).
-22
What is 3 + (2 - -3 - 8) + -3 + 1?
-2
7 + 3 - (4 - -19)
-13
Calculate -26 + 4 + -14 + 26.
-10
Evaluate -17 + (5 - (-2 + 5 + -7 + 0)).
-8
Calculate 24 + -26 - -10 - (-4 + -2 + 2).
12
Calculate -2 + -2 - (9 + (-34 - -9) + 10).
2
Calculate -34 + (-18 - -31) - -7.
-14
-1 - 0 - (-30 + 4 + 26)
-1
Calculate 10 - (20 - -6) - -3.
-13
What is the value of 16 + (4 - (0 + -4 + (11 - 2)))?
15
Calculate 7 + (-4 - -3 - 2) + -2 - -5.
7
What is -20 + (0 - 5) + 12?
-13
Evaluate 3 + 1 + 0 + -15.
-11
Evaluate -5 + 12 + 1 + -8 + 4.
4
What is 3 + 9 + (-4 - -3) - 29?
-18
Evaluate 2 + 1 + (6 - (8 - 4 - 1)).
6
Evaluate (19 - 11) + -7 + -11.
-10
Evaluate -13 - (16 - (-3 + 23)).
-9
What is the value of 0 + (-1 + (2 - -6) - 1) + 13?
19
Calculate 3 - -5 - 15 - -10 - -11.
14
Evaluate -1 + -2 + (13 - -1) + (-48 - -50).
13
What is -4 + 1 + (5 - 7) - 4?
-9
What is the value of (-10 - -3) + 11 + 5 + -1?
8
What is the value of (5 - (-11 - -19)) + 9?
6
Calculate 3 - ((-3 - -17) + -27).
16
What is (19 - 36) + -51 + 39?
-29
Calculate (13 - -6 - 9) + -12.
-2
Evaluate 24 + (30 - 11) - 28.
15
Evaluate -19 + 59 + -46 + 24 + 1.
19
Calculate (3 - (-4 - (15 - 1))) + (342 - 352).
11
What is (-44 - 0) + 48 + -35 - -3?
-28
Calculate (-46 - -28) + -3 - -5.
-16
8 - (3 + -17 + 17) - -8
13
Calculate (323 - 315) + (-1 - (-2 + 7)).
2
What is -8 - (10 + (5